units digit of x?
9
Suppose -57 = -d - 15. Suppose 0*z + d = z + 3*b, 0 = -3*z - 2*b + 98. What is the units digit of (-8)/10 + 384/z?
2
Suppose -7*h - 2*s = -3*h + 38, 0 = -2*h + 4*s - 44. Let o = h + 15. Suppose 292 = 2*w - 5*r, o*w - 2*r + 536 = 7*w. What is the tens digit of w?
3
What is the units digit of (-64019)/10*(133 + -143)?
9
Let m = -3003 + 5102. What is the hundreds digit of m?
0
Let a be 1/(3*(-5)/(-8520)). Let p = a - 396. What is the units digit of p?
2
Let n = -1 + -4. Let y be 2649/15 - (-3)/n. Suppose 0 = -2*l - 2*m + y, 5*l - 3*m - 436 = -4*m. What is the tens digit of l?
8
Let d = 44 - 35. Let m(q) = 4*q + 4. Let r(f) = 5*f + 4. Let j(k) = 3*m(k) - 2*r(k). What is the units digit of j(d)?
2
What is the tens digit of 5/1 + 108/(-45)*8910/(-3)?
3
Let h be (((-110)/30)/(-11))/((-2)/(-24)). Suppose 0 = h*x - 8, 4*x - 1672 = -4*d + 2*x. What is the units digit of d?
7
Let x(g) = -g**3 + 8*g**2 + 44*g - 106. Let v be x(11). Let y = -11 + 27. Suppose w + y = 2*w - 5*p, 5*p = v. What is the units digit of w?
1
Suppose -4*u + 234 = c, -c - 2*u + 3*u + 209 = 0. Suppose 3*r - c = -p, 3*p - 623 = -r + 3. What is the tens digit of p?
0
Suppose 0 = -95*q + 76*q + 74841. Suppose 5*o - q = -4*n, 1574 = 2*o - 12*n + 14*n. What is the units digit of o?
1
Suppose 35*c - 209668 = -18*c. What is the hundreds digit of c?
9
Suppose -3*f + 22 = -23. Let y(g) = -g + 19. Let c be y(f). Suppose -249 - 27 = -c*k. What is the units digit of k?
9
Let k = -12 + 8. Let b(c) = -c**3 - 2*c**2 + 4*c - 6. Let f be b(k). What is the units digit of (-7)/((-21)/f)*6?
0
Let h(l) = l**3 + 5*l**2 - 2*l - 1. Let c be h(-5). What is the units digit of (28/5 + -3)/(c/45)?
3
Let y(j) = 26*j + 133. Let b be y(0). Let t = 343 + b. What is the hundreds digit of t?
4
Let z = -34 - -37. Suppose z*n - 15 = 3*w, -2*n - n = -4*w - 15. Suppose 243 = 3*x + 4*s + 14, -2*x - 2*s + 154 = w. What is the tens digit of x?
7
What is the units digit of ((-71)/(-3))/(32/(-401184)*-21)?
9
Let c be (-50)/(-6) + (42/(-18))/7. Suppose 4*t + c = 4*f - 36, -3*f - 37 = 2*t. What is the units digit of (-2)/(-14)*t/(-4)*18?
9
Suppose 0 = 6*i + 9 - 27. Suppose 5 = i*a - j + 22, -5 = -j. What is the hundreds digit of (-1)/a - 583/(-4)?
1
Suppose 0 = -n - 2*v + 16 - 5, 0 = n - 2*v + 5. Suppose 5*s + 5*x = -725, n*s - x + 112 = -315. What is the hundreds digit of 4/(-26) - 14894/s?
1
Let w(b) = -8*b + 26. Let z be w(3). What is the tens digit of ((-64)/80)/(z/(-75))*10?
0
Let h be (-12)/8*114/(-9). Let f be (1 + -5)*h - 1. What is the units digit of (-1 - 6)*198/f?
8
Let m(d) = -123*d - 400. What is the tens digit of m(-27)?
2
Let j = 5 + -22. Let v = -34 - j. What is the tens digit of -6 - (-4 + 1) - v?
1
Let d = -14694 - -30796. What is the units digit of d?
2
Let h be 2*-3*(-2)/(-6). Let n(t) = t**3 + t**2 - 3*t + 1. Let j be n(h). Suppose -3*i = -3*l + 120, -3*l = -8*l + j*i + 200. What is the units digit of l?
0
Suppose 49*t = 47*t + 736. Suppose -390 = -2*m + t. What is the hundreds digit of m?
3
Let h(c) = c + 39. Let y be h(-8). Suppose -y*b = -21*b - 3880. What is the units digit of b?
8
Suppose -3*c + 4*p + 62 = 0, -c - 11 = -0*c + 5*p. Let v = -68 + 72. What is the tens digit of ((v - 5) + 7)*c/4?
2
What is the hundreds digit of (1 + 9)/2*-5*(-26991)/225?
9
Let m(w) = w**2 - 5*w + 5. Let d be m(3). What is the units digit of d/1*(-418 - 25)?
3
Let v = -1 + 97. Suppose 3*f - 5*k + 79 + v = 0, -3*k - 3 = 0. Let j = f + 160. What is the tens digit of j?
0
Suppose 0 = -3*x + 2166 + 7452. What is the units digit of x?
6
Suppose -114404 = -60*f + 29815 + 306501. What is the hundreds digit of f?
5
Suppose 3*a - 4*o - 8 = 32, 6 = 3*o. Suppose y - 38 = a. Suppose -y = f - 248. What is the units digit of f?
4
Suppose 14*c - 17311 = 10591. Suppose -2*h - 2003 = -3*f - 0*h, -4*h = -3*f + c. What is the units digit of f?
1
Suppose 49*g = -2619 + 370511. What is the tens digit of g?
0
Suppose -18*n + 12 = -14*n. Suppose 7 = n*p + 4*x, -4*p + x - 14 = 2. Let j = p - -94. What is the tens digit of j?
9
Let o(r) = r**3 - 13*r**2 - 29*r - 13. Let p be o(15). Suppose 0 = -4*c - h + 1774, 5*c - p*h = h + 2226. What is the units digit of c?
4
Suppose -4*f + 2*t - 4773 = -9*f, -4*t - 4 = 0. Let i = f + -377. What is the hundreds digit of i?
5
Suppose -15*t + 736 = -1094. Suppose 0*h - 30 = 5*h. Let w = h + t. What is the hundreds digit of w?
1
Let s be (-8)/12*(3 + 3 + -9). What is the units digit of (s + 3/(18/(-6)))*409?
9
Let f = 594 - 384. Let l = f - 159. What is the tens digit of l?
5
Let p(j) = 21*j + 35 + 35*j - 55*j. What is the tens digit of p(12)?
4
Suppose 34*q = 129*q - 69445. What is the hundreds digit of q?
7
What is the hundreds digit of (-14961394)/(-2331) - 8/18?
4
Suppose -2*i = -11*i + 693. Suppose 5*d + 24 = 4*s + 119, 4*d - i = 3*s. Suppose d*l - 20*l - 111 = 0. What is the units digit of l?
7
Let c = -137 - -157. Suppose 0 = 6*p - c - 4. What is the units digit of p?
4
Let y(k) be the second derivative of k**4/12 + k**3/6 - 5*k**2 - 64*k. What is the tens digit of y(-15)?
0
Suppose 83*g - 1806077 + 236854 = 24*g. What is the thousands digit of g?
6
Suppose -2668273 = 140*t - 11421913. What is the units digit of t?
6
Suppose -2*p = 2*f + 4, -4*f = -3*p + p + 2. Let x(m) = -757*m**3 + m**2 + m + 1. What is the tens digit of x(p)?
5
Let y(g) = 3*g + 23. Let n be y(-6). Let d = 8 - n. Suppose 0 = 8*o - d*o - 130. What is the tens digit of o?
2
Let i = -126 + 131. Let z(h) = h**3 + 15*h**2 + 3*h - 9. What is the hundreds digit of z(i)?
5
Suppose -24*u - 47320 + 203944 = 0. What is the hundreds digit of u?
5
Let h(r) be the second derivative of r**2 + 0 - 14*r - 25/6*r**3. What is the tens digit of h(-3)?
7
Suppose -4*g = 5*i - 50, -10*g + 6*g = 4*i - 48. Suppose -g*r = -785 - 865. What is the units digit of r?
5
Suppose -75 + 71 = r. What is the tens digit of 5 + 716/(4 + (r - -2))?
6
Let h(r) = -2*r**3 + 152*r**2 + 60*r - 694. What is the units digit of h(74)?
0
Let d be (-6)/(-3) + 1 - 5. What is the tens digit of -10*1/d - -105?
1
Let m(i) = 7*i - 161. Let w be m(4). Suppose -5*c = -2*c + 678. Let b = w - c. What is the units digit of b?
3
Suppose n + 2*k + 7 = 0, 3*n - 5*k - 14 = 9. Let d(a) = -2*a**3 + 13*a**2 - 6*a + 14. Let u(h) = 1. Let y(v) = n*d(v) - 2*u(v). What is the units digit of y(5)?
7
Let q(c) = -2*c**3 + 30*c**2 + 11*c - 32. Let a(t) = 8*t + 54. Let u be a(-5). What is the units digit of q(u)?
4
Let s(p) = p**2 - 1. Let y(g) = -3*g**2 + g - 6. Let b(i) = -2*s(i) - y(i). What is the tens digit of b(-19)?
8
Let o = 35526 + -23246. What is the units digit of o?
0
Suppose -17*q + 14*q - 219 = 0. Let w = -61 - q. Suppose 7*u + 565 = w*u. What is the hundreds digit of u?
1
Suppose f = 6 + 20. Suppose -4*p = 4*k - 2*p - f, -k - 3*p = 1. Suppose k*n - 641 = 3*n - c, -n = 5*c - 133. What is the hundreds digit of n?
1
What is the thousands digit of (((-5)/(-60))/((-10)/138315))/(3/(-24))?
9
Let r(w) = 9*w**3 - 38*w**2 + 13*w + 27. What is the tens digit of r(8)?
0
Let c(u) = 1148*u**2 - u - 1. Let d(b) = -3*b - 62. Let z be d(-21). What is the hundreds digit of c(z)?
1
Let z(f) = 7*f - 9. Let o be z(17). Suppose -o = 3*u + 2*u. Let c = 84 - u. What is the tens digit of c?
0
Let v be ((-2)/(18/(-1443)))/((-3)/(-18)). Let k = -571 + v. What is the units digit of k?
1
Suppose -5*g + 0*t + 20 = -5*t, 0 = -5*g + t + 4. Suppose g = 20*b - 21*b + 363. What is the units digit of b?
3
Let n(p) = 21*p**2 + 4*p - 2. Let s(r) be the second derivative of -r**4/4 - 7*r**3/2 + r**2 + 3*r - 2. Let z be s(-7). What is the tens digit of n(z)?
9
Suppose -2*i + 520 = h, -937*i - 4*h = -940*i + 758. What is the tens digit of i?
5
What is the units digit of (56275/4 - 1)/(1986/2648)?
7
Let s = -72 - -106. Let k = s + -30. What is the units digit of (-79 - 0)*k/12*-3?
9
What is the tens digit of ((-3)/(-9))/((-11 + 2)/(-7506))?
7
Suppose -29093 = -5*d - m + 12196, 3*d = -2*m + 24779. What is the tens digit of d?
5
Let m be (-2)/(-4)*0*(-5)/25. Suppose 0 = 3*y - 2 - 1, m = 4*g - 5*y - 2235. Suppose -g = -3*t - 5*t. What is the tens digit of t?
7
Suppose -32*u - 30*u - 270457 = -85*u. What is the thousands digit of u?
1
Suppose -5*q + 809432 = 81*q. What is the hundreds digit of q?
4
Suppose 0 = 2*t + 